ousands digit of g?
8
Let t be (-61963)/86 + 3/(-2). Let s = -223 - t. What is the units digit of s?
9
Let j(m) = -m**3 + 37*m**2 + 35*m - 683. What is the hundreds digit of j(26)?
6
Let q(k) = -k**3 + 3*k**2 + 12*k - 3. Let n be q(5). Let h = 391 - n. What is the units digit of h?
4
Suppose 5*s = -i + 1120 - 36, -5399 = -5*i - 4*s. Let z = 386 - i. What is the tens digit of z/(-12) - (-7)/28?
5
Suppose 2*q = -3*l - l + 55240, 55219 = 2*q + l. What is the units digit of q?
6
Let v(o) = -5*o + 2. Suppose -2*j + 5*j + 25 = 5*i, -15 = 2*j - 3*i. Suppose j = 11*r - 6*r + 25. What is the tens digit of v(r)?
2
Let z = 40 - 36. Let v be 15/6*(-1)/(z/56). Let d = v - -82. What is the units digit of d?
7
Let r(x) = -713*x + 3469. What is the hundreds digit of r(-45)?
5
Let q(k) = k**2 - 34*k + 35. What is the units digit of q(61)?
2
Let m(n) = -33*n - 30. Let x be m(-1). Suppose -3*w + 699 = 2*l, w = -x + 8. What is the units digit of l?
2
Let w(a) be the third derivative of 1/4*a**4 + 0 - 5*a**2 - 25/6*a**3 + 0*a. What is the units digit of w(9)?
9
Suppose 5*q + 5*c - 118495 = 8*c, 4*q + 2*c = 94818. What is the ten thousands digit of q?
2
What is the ten thousands digit of (-4032)/(-32)*(-2 - (-876)/8)?
1
Suppose -4*q - 2*f - 4 = 0, 0 = 4*q - 2*q + 2*f + 4. Let h(y) = -7*y + 530. What is the hundreds digit of h(q)?
5
Let o = -15841 - -27804. What is the thousands digit of o?
1
Let q = -17705 + 33744. What is the ten thousands digit of q?
1
Let a = -4 + 9. Suppose 6 = 4*j - 2*s, -4 + 19 = -a*s. Suppose 2 - 110 = -2*n + 3*i, 4*i = j. What is the tens digit of n?
5
Let g be (-18)/81 + 1/9*65. Suppose 2*z + 635 = g*z. What is the tens digit of z?
2
Let w(r) be the first derivative of 29*r**2/2 - 9*r - 26. Let j be w(10). Let d = j - 96. What is the tens digit of d?
8
Let h(v) = -16*v + 5. Suppose 14*p = -8*p - 66. What is the tens digit of h(p)?
5
Let o(z) = -20*z**2 + 93*z**2 - 16 + 89*z**2 + 16 + 12*z. What is the units digit of o(-3)?
2
Suppose 2*m - 2*n = 18428, 2*n - 2845 - 6378 = -m. What is the thousands digit of m?
9
Suppose 0 = 6*d + 5556 + 9768. Let s = d - -4127. What is the units digit of s?
3
Let l(b) be the third derivative of -35*b**4/12 + 11*b**3/6 + 2*b**2. Suppose 0 = 4*d + 7 - 4 + 5. What is the hundreds digit of l(d)?
1
What is the thousands digit of (-174 + 77)/(3*3*4/(-22068))?
9
Let h(m) = -6*m**3 - 4*m**2 - 2*m. Let v be h(-1). Suppose -v*t + 2503 + 37 = 0. What is the tens digit of t?
3
What is the thousands digit of (749324/24 - -4) + 0 - (-5)/(-6)?
1
Let b = 93435 - 55584. What is the hundreds digit of b?
8
Let j be (0 + -726 - 4)*-1. Suppose 5*p + 195 = j. Suppose -2*t = -9 - p. What is the units digit of t?
8
Let l(b) be the first derivative of b**4/4 - 2*b**3/3 + 3*b**2/2 + b - 11. What is the units digit of l(6)?
3
Suppose 40 = -38*v + 46*v. Suppose -v*j - 3*m + 4170 = m, 0 = -4*j + 3*m + 3336. What is the units digit of j?
4
What is the units digit of (-1043648)/(-25 + 9) - 25?
3
Let a(w) = w**3 - 4*w**2 - 27*w + 8. Let s be a(-4). What is the tens digit of (-184)/s*1032/16?
8
Let n = -73 + 141. Let i = -66 + n. What is the units digit of 292/4 + (6 - i) + -1?
6
Suppose -3*k + 10*j - 15*j = -52390, 1 = -j. What is the hundreds digit of k?
4
Suppose -23*h + 95 = -20. Suppose h*y + p = 1732, -3*p + 4 = -p. What is the tens digit of y?
4
Suppose 0 = -2*o + 3*s + 11279, 0 = 53*o - 52*o + 2*s - 5636. What is the hundreds digit of o?
6
Let r be 0/(0 - 1) - (-48 + -6). Let f = -51 + r. Suppose -f*q + q + 110 = 0. What is the tens digit of q?
5
Suppose 4*z - 4*i = -2*i - 17624, 0 = 2*z + 4*i + 8792. What is the hundreds digit of 12/(z/(-628) + -7)?
9
Suppose -10*x = 2*x + 72. What is the hundreds digit of 9/x*1808/(-6) + 3?
4
Suppose 666*k + 48 = 670*k. What is the units digit of (k/(-2 + -4) - -8) + 1329?
5
Let t(n) be the first derivative of 39 + 6*n**2 + 0*n**2 - 3*n - 5*n**2 + 19*n**2. What is the hundreds digit of t(5)?
1
Suppose -8 = 4*i, i - 1 = -4*a - 3. Suppose 5*w = -20 - a. What is the units digit of 6512/121 - w/22?
4
Let w = -15249 - -22818. What is the hundreds digit of w?
5
Let p be 3 - 4/(8/6). Let z = 24 - 19. Suppose 277 = c - z*g, 3*c + 4*g + 291 - 1141 = p. What is the units digit of c?
2
Suppose -435*q + 431*q + 68 = 0. Suppose 5*n - q*r - 5869 = -13*r, -3514 = -3*n - 5*r. What is the thousands digit of n?
1
Let l = 7252 + 1966. What is the thousands digit of l?
9
Let d = -2506 + 4273. Suppose 6*p - 2313 - d = 0. What is the tens digit of p?
8
What is the thousands digit of (-1633)/((-3 - -6)/(-69))?
7
Let j(s) = -s**3 + 6*s**2 + 5*s + 19. Let v be (2/8)/(1/28). Let d be j(v). Suppose 3*z - 2*g = 96 + 236, 0 = g - d. What is the units digit of z?
4
Let v(i) = 32*i**2 + 2*i + 39. Let l be v(6). Let m = l - 551. What is the tens digit of m?
5
Suppose -4*c - 3*z = -879, -3*c + 2*c + z = -225. Suppose -4*u = -702 + c. Let k = u - 35. What is the tens digit of k?
8
What is the tens digit of (-13 + 9 - 73690)/(-2)?
4
Let d(c) = -64 + 43*c - 52*c + 5*c**2 - 51 - 3*c**2. What is the units digit of d(16)?
3
Let d(h) = 140*h**2 - 1. Let c be d(1). Let x = c + -150. Let f(b) = b**3 + 13*b**2 + b - 7. What is the units digit of f(x)?
4
Let v(w) = -439*w + 1513. What is the ten thousands digit of v(-64)?
2
Let f be (-6)/9 - (1 - 371/3). Suppose 4*r - 536 = -2*g, -4*r + 414 + f = -3*g. Let c = -91 + r. What is the units digit of c?
3
Let m = 138 - 59. Let h = m + 2. Let j = -30 + h. What is the tens digit of j?
5
Let n = 489 - 485. Suppose 3*y - 658 = -j + 5*y, -n*y = 3*j - 2004. What is the tens digit of j?
6
Let a(j) = -j**3 - 16*j**2 + 6*j - 56. Let h be a(-17). Suppose h*g + 965 = 136*g. What is the hundreds digit of g?
1
Suppose -k - 5*l + 9 - 23 = 0, 0 = k + 3*l + 6. Let s be ((-10)/3 - 0)/(k/(-9)). What is the units digit of -1 + 228/4 + s + -2?
9
Let v be (6 + 5 + -3)*(-1394)/(-8). Let g = v - 941. What is the tens digit of g?
5
Let a = 75087 + -43636. What is the hundreds digit of a?
4
Suppose -14203*h + 102097 = -14180*h. What is the hundreds digit of h?
4
Let a(m) = 2*m - 26. Suppose -12*k + 33 = -135. Let i be a(k). Suppose 0 = 4*p + i*u - 336, 180 = 3*p + 5*u - 65. What is the units digit of p?
5
Let b(y) = -147*y**3 - 13*y**2 - 49*y - 186. What is the hundreds digit of b(-7)?
9
Suppose -10*h = -53 - 7. Let t(n) = -n**2 + 14*n - 9. What is the tens digit of t(h)?
3
Suppose 5793*t = 5735*t + 997194. What is the units digit of t?
3
Let f = 135197 - 86048. What is the thousands digit of f?
9
Suppose -2*n + 8*n = -2*k + 447904, 0 = 5*n + k - 373254. What is the hundreds digit of n?
6
Suppose -26*r + 27*r - 6 = 0. Suppose -2*y = 5*b - y - r, -3*b - 5*y - 14 = 0. Suppose 3*v = b*z + 498, 2*v + 4*z - 386 = -38. What is the units digit of v?
8
Let o(z) = 17*z**2 + 8*z + 11. Let t be o(-10). Let h = t - 826. What is the hundreds digit of h?
8
Let x = -27505 - -39869. What is the units digit of x?
4
Let s(k) = 18*k + 54. Suppose 8 = -9*r + 80. What is the tens digit of s(r)?
9
Let x be (-4)/(-8)*(23 + 3 + 2). Suppose 9*k - x*k = -3840. What is the tens digit of k?
6
Let n = 331 + 50. Suppose 655 = 2*x - n. What is the tens digit of x?
1
Suppose -3*l + 12 = 0, -u + 4*u + 4*l + 2 = 0. Let n be 0 + 1 + (-2562)/u. Suppose -t - 3*t = -n. What is the units digit of t?
7
Let c(f) = -f**2 + f + 27. Let l be c(6). Let r(d) = 15*d**2 + 9*d + 28. What is the hundreds digit of r(l)?
1
Let x(w) = 2*w**3 - 4*w**2 - 7*w + 33. Let r be x(8). Suppose -2*u = 8, 3185 = 4*c + 4*u + r. What is the units digit of c?
4
Suppose -a = 29*n - 26*n - 31030, n - a = 10346. What is the hundreds digit of n?
3
Let o be ((-48)/20)/(-4*6/2560). Suppose -o*h + 260*h = 4572. What is the thousands digit of h?
1
Suppose 4*q - 2*l + 30 = 0, -5 + 45 = -4*q + 4*l. What is the units digit of 5/((q + 11)/6)?
5
Suppose -1440 = 4*u + 8*u. Let l = u + 123. Suppose 0*m + 2*m = -n + 126, -5*n = l*m - 189. What is the units digit of m?
3
Let o(g) be the first derivative of 112*g**3/3 + 2*g**2 + g - 37. Let r be o(-2). Let f = r - 187. What is the units digit of f?
4
Let x(i) = -i**3 + 79*i**2 + 134*i - 241. What is the units digit of x(80)?
9
Suppose z + 0*z + 3*i = 8870, 3*z = -i + 26626. What is the thousands digit of z?
8
Let r(b) = -11*b**2 - 31*b - 12. Let d(